{"id":4204,"date":"2020-01-21T16:22:43","date_gmt":"2020-01-21T15:22:43","guid":{"rendered":"http:\/\/forumdesseniorsbretagne.com\/wp-content\/uploads\/2017\/08\/Communiqu\u00e9-de-Presse-IFS-No\u00ebl.pdf"},"modified":"2020-01-21T16:22:43","modified_gmt":"2020-01-21T15:22:43","slug":"communique-de-presse-ifs-noel","status":"inherit","type":"attachment","link":"https:\/\/forumdesseniorsbretagne.com\/index.php\/2017\/08\/07\/bonjour-tout-le-monde\/communique-de-presse-ifs-noel\/","title":{"rendered":"Communiqu\u00e9 de Presse IFS &#8211; No\u00ebl"},"author":7,"featured_media":0,"comment_status":"open","ping_status":"closed","template":"","meta":[],"class_list":["post-4204","attachment","type-attachment","status-inherit","hentry"],"description":{"rendered":"<p class=\"attachment\"><a data-rel=\"iLightbox[postimages]\" data-title=\"\" data-caption=\"\" href='https:\/\/forumdesseniorsbretagne.com\/wp-content\/uploads\/2017\/08\/Communiqu\u00e9-de-Presse-IFS-No\u00ebl.pdf'><img decoding=\"async\" width=\"212\" height=\"300\" src=\"https:\/\/forumdesseniorsbretagne.com\/wp-content\/uploads\/2017\/08\/Communiqu\u00e9-de-Presse-IFS-No\u00ebl-pdf-212x300.jpg\" class=\"attachment-medium size-medium\" alt=\"\" \/><\/a><\/p>\n"},"caption":{"rendered":""},"alt_text":"","media_type":"file","mime_type":"application\/pdf","media_details":{"sizes":{"thumbnail":{"file":"Communiqu\u00e9-de-Presse-IFS-No\u00ebl-pdf-106x150.jpg","width":106,"height":150,"mime_type":"image\/jpeg","source_url":"https:\/\/forumdesseniorsbretagne.com\/wp-content\/uploads\/2017\/08\/Communiqu\u00e9-de-Presse-IFS-No\u00ebl-pdf-106x150.jpg"},"medium":{"file":"Communiqu\u00e9-de-Presse-IFS-No\u00ebl-pdf-212x300.jpg","width":212,"height":300,"mime_type":"image\/jpeg","source_url":"https:\/\/forumdesseniorsbretagne.com\/wp-content\/uploads\/2017\/08\/Communiqu\u00e9-de-Presse-IFS-No\u00ebl-pdf-212x300.jpg"},"large":{"file":"Communiqu\u00e9-de-Presse-IFS-No\u00ebl-pdf-724x1024.jpg","width":724,"height":1024,"mime_type":"image\/jpeg","source_url":"https:\/\/forumdesseniorsbretagne.com\/wp-content\/uploads\/2017\/08\/Communiqu\u00e9-de-Presse-IFS-No\u00ebl-pdf-724x1024.jpg"},"full":{"file":"Communiqu\u00e9-de-Presse-IFS-No\u00ebl-pdf.jpg","width":1059,"height":1497,"mime_type":"application\/pdf","source_url":"https:\/\/forumdesseniorsbretagne.com\/wp-content\/uploads\/2017\/08\/Communiqu\u00e9-de-Presse-IFS-No\u00ebl-pdf.jpg"}}},"post":1,"source_url":"https:\/\/forumdesseniorsbretagne.com\/wp-content\/uploads\/2017\/08\/Communiqu\u00e9-de-Presse-IFS-No\u00ebl.pdf","_links":{"self":[{"href":"https:\/\/forumdesseniorsbretagne.com\/index.php\/wp-json\/wp\/v2\/media\/4204","targetHints":{"allow":["GET"]}}],"collection":[{"href":"https:\/\/forumdesseniorsbretagne.com\/index.php\/wp-json\/wp\/v2\/media"}],"about":[{"href":"https:\/\/forumdesseniorsbretagne.com\/index.php\/wp-json\/wp\/v2\/types\/attachment"}],"author":[{"embeddable":true,"href":"https:\/\/forumdesseniorsbretagne.com\/index.php\/wp-json\/wp\/v2\/users\/7"}],"replies":[{"embeddable":true,"href":"https:\/\/forumdesseniorsbretagne.com\/index.php\/wp-json\/wp\/v2\/comments?post=4204"}],"wp:attached-to":[{"embeddable":true,"post_type":"post","id":1,"href":"https:\/\/forumdesseniorsbretagne.com\/index.php\/wp-json\/wp\/v2\/posts\/1"}],"curies":[{"name":"wp","href":"https:\/\/api.w.org\/{rel}","templated":true}]}}

http://forumdesseniorsbretagne.com/wp-content/uploads/2017/08/Communiqué-de-Presse-IFS-Noël.pdf

Communiqué de Presse IFS &#8211; Noël

<p class="attachment"><a data-rel="iLightbox[postimages]" data-title="" data-caption="" href='https://forumdesseniorsbretagne.com/wp-content/uploads/2017/08/Communiqué-de-Presse-IFS-Noël.pdf'><img decoding="async" width="212" height="300" src="https://forumdesseniorsbretagne.com/wp-content/uploads/2017/08/Communiqué-de-Presse-IFS-Noël-pdf-212x300.jpg" class="attachment-medium size-medium" alt="" /></a></p>

Communiqué-de-Presse-IFS-Noël-pdf-106x150.jpg

https://forumdesseniorsbretagne.com/wp-content/uploads/2017/08/Communiqué-de-Presse-IFS-Noël-pdf-106x150.jpg

Communiqué-de-Presse-IFS-Noël-pdf-212x300.jpg

https://forumdesseniorsbretagne.com/wp-content/uploads/2017/08/Communiqué-de-Presse-IFS-Noël-pdf-212x300.jpg

Communiqué-de-Presse-IFS-Noël-pdf-724x1024.jpg

https://forumdesseniorsbretagne.com/wp-content/uploads/2017/08/Communiqué-de-Presse-IFS-Noël-pdf-724x1024.jpg

Communiqué-de-Presse-IFS-Noël-pdf.jpg

https://forumdesseniorsbretagne.com/wp-content/uploads/2017/08/Communiqué-de-Presse-IFS-Noël-pdf.jpg

https://forumdesseniorsbretagne.com/wp-content/uploads/2017/08/Communiqué-de-Presse-IFS-Noël.pdf
