{"id":2488,"date":"2018-09-17T11:42:53","date_gmt":"2018-09-17T09:42:53","guid":{"rendered":"http:\/\/forumdesseniorsbretagne.com\/?page_id=2488"},"modified":"2022-01-13T10:08:28","modified_gmt":"2022-01-13T09:08:28","slug":"rgpd-charte-de-protection-des-donnees-personnelles","status":"publish","type":"page","link":"https:\/\/forumdesseniorsbretagne.com\/index.php\/rgpd-charte-de-protection-des-donnees-personnelles\/","title":{"rendered":"RGPD &#8211; Charte de Protection des Donn\u00e9es Personnelles"},"content":{"rendered":"<div class=\"fusion-fullwidth fullwidth-box fusion-builder-row-1 nonhundred-percent-fullwidth non-hundred-percent-height-scrolling\" style=\"--awb-border-radius-top-left:0px;--awb-border-radius-top-right:0px;--awb-border-radius-bottom-right:0px;--awb-border-radius-bottom-left:0px;--awb-padding-top:0px;--awb-flex-wrap:wrap;\" ><div class=\"fusion-builder-row fusion-row\"><div class=\"fusion-layout-column fusion_builder_column fusion-builder-column-0 fusion_builder_column_1_1 1_1 fusion-one-full fusion-column-first fusion-column-last\" style=\"--awb-bg-size:cover;\"><div class=\"fusion-column-wrapper fusion-flex-column-wrapper-legacy\"><div class=\"fusion-title title fusion-title-1 fusion-sep-none fusion-title-center fusion-title-text fusion-title-size-one\"><h1 class=\"fusion-title-heading title-heading-center\" style=\"margin:0;\"><h2 class=\"vc_custom_heading\">RGPD : <strong>Protection des donn\u00e9es personnelles des exposants, personnes morales et personnes physiques<\/strong><\/h2>\n<p>&nbsp;<\/p><\/h1><\/div><div class=\"fusion-text fusion-text-1\"><p><strong>Politique de protection des donn\u00e9es \u00e0 caract\u00e8res personnelles<\/strong><\/p>\n<p>Exponantes apporte une attention particuli\u00e8re \u00e0 la protection des donn\u00e9es \u00e0 caract\u00e8re personnelles. C\u2019est pour elle un \u00e9l\u00e9ment essentiel dans la relation de confiance qu\u2019elle souhaite \u00e9tablir avec tous ceux qui lui confient leurs donn\u00e9es \u00e0 caract\u00e8re personnelles.<br \/>\nLa pr\u00e9sente politique s\u2019applique \u00e0 toute personne ayant partag\u00e9 ses donn\u00e9es avec la soci\u00e9t\u00e9 Exponantes au travers des sites internet \/ jeux concours \/ formulaire \/ billetterie des salons propri\u00e9t\u00e9 d\u2019Exponantes \/ Exposant sur un de nos salons etc..<\/p>\n<p>La soci\u00e9t\u00e9 EXPONANTES s\u2019engage \u00e0 traiter les donn\u00e9es personnelles collect\u00e9es dans le respect des lois et r\u00e9glementations applicables, et notamment la loi n\u00b0 78-17 du 6 janvier 1978 modifi\u00e9e relative \u00e0 l&rsquo;informatique, aux fichiers et aux libert\u00e9s (\u00ab LOI INFORMATIQUE ET LIBERT\u00c9S \u00bb), et le R\u00e8glement (UE) 2016\/679 du Parlement europ\u00e9en et du Conseil du 27 avril 2016 relatif \u00e0 la protection des personnes physiques \u00e0 l&rsquo;\u00e9gard du traitement des donn\u00e9es \u00e0 caract\u00e8re personnel et \u00e0 la libre circulation de ces donn\u00e9es (\u00ab R\u00c8GLEMENT RGPD \u00bb).<\/p>\n<p>En cas de modification ou de mise \u00e0 jour, la charte r\u00e9vis\u00e9e sera notamment mise en ligne sur ce site avec mention de la derni\u00e8re date de mise \u00e0 jour. Vous devez en cons\u00e9quence v\u00e9rifier r\u00e9guli\u00e8rement ce site pour rester inform\u00e9 de tout changement ou mise \u00e0 jour de la politique de protection des donn\u00e9es personnelles de la soci\u00e9t\u00e9 EXPONANTES.<\/p>\n<p><strong>TYPE DE DONN\u00c9ES COLLECT\u00c9ES :<\/strong><\/p>\n<p>Les donn\u00e9es collect\u00e9es sont relatives \u00e0 votre identit\u00e9 ou votre participation aux \u00e9v\u00e8nements sur le Parc des Expositions de Nantes :<br \/>\n&#8211; Nom<br \/>\n&#8211; Pr\u00e9nom<br \/>\n&#8211; Adresse<br \/>\n&#8211; @dresse email<br \/>\n&#8211; N\u00b0 de t\u00e9l\u00e9phone<br \/>\n&#8211; Nom de soci\u00e9t\u00e9<br \/>\n&#8211; Date de commande<br \/>\n&#8211; Type et d\u00e9tail de commande<br \/>\n&#8211; Donn\u00e9es de connexions aux sites internet par le biais de Cookies<\/p>\n<p><strong>M\u00c9THODE DE COLLECTE DES DONN\u00c9ES :<\/strong><br \/>\n<strong>Jeu concours :<\/strong><br \/>\nLors de participation aux jeux concours sur les r\u00e9seaux sociaux ou sur les formulaires papier, la soci\u00e9t\u00e9 EXPONANTES est susceptible de collecter les donn\u00e9es dans la limite des choix effectu\u00e9s lors du recueil de consentement r\u00e9alis\u00e9 sur les diff\u00e9rents supports<\/p>\n<p><strong>Cookies :<\/strong><br \/>\nLes utilisateurs sont inform\u00e9s que lors de leurs visites sur ce site, des cookies peuvent s&rsquo;installer automatiquement sur le logiciel de navigation. Les cookies sont des blocs de donn\u00e9es qui ne permettent pas d&rsquo;identifier l&rsquo;utilisateur mais servent \u00e0 enregistrer des informations relatives \u00e0 la navigation de ce dernier sur le site web. Le param\u00e9trage du logiciel de navigation permet d&rsquo;informer de la pr\u00e9sence de cookies et \u00e9ventuellement de les refuser. Il appartiendra donc \u00e0 l\u2019internaute d\u2019accepter ou non l\u2019installation de ces cookies. Les cookies sont r\u00e9serv\u00e9s \u00e0 l\u2019usage exclusif du responsable du traitement afin d\u2019am\u00e9liorer la pr\u00e9sentation du site et optimiser la navigation \u00e0 l\u2019int\u00e9rieur de celui-ci.<br \/>\nLes utilisateurs disposent d&rsquo;un droit d&rsquo;acc\u00e8s, de modification voire de retrait des donn\u00e9es personnelles communiqu\u00e9es par le biais de cookies dans les conditions indiqu\u00e9es ci-dessus.<br \/>\nIl est toutefois pr\u00e9cis\u00e9 que pour des raisons techniques, le fait de d\u00e9sactiver les cookies peut limiter l&rsquo;acc\u00e8s des utilisateurs \u00e0 tout ou partie du site www.exponantes.com.<\/p>\n<p><strong>Formulaires de contact :<\/strong><\/p>\n<p>La soci\u00e9t\u00e9 EXPONANTES collecte vos donn\u00e9es directement aupr\u00e8s de vous lorsque notamment vous remplissez un formulaire de contact ou d\u2019inscription, vous passez une commande ou encore que vous vous adressez \u00e0 la Soci\u00e9t\u00e9 (par exemple en lui adressant un courrier \u00e9lectronique).<\/p>\n<p><strong>Finalit\u00e9 des donn\u00e9es collect\u00e9es \/ Pourquoi vos donn\u00e9es sont-elles collect\u00e9es ?<\/strong><br \/>\nLes donn\u00e9es personnelles qui sont collect\u00e9es directement ou indirectement (donn\u00e9es de connexion) r\u00e9pondent \u00e0 des finalit\u00e9s explicites, l\u00e9gitimes et d\u00e9termin\u00e9es.<\/p>\n<p>Si vous \u00eates client, sur la base de l\u2019ex\u00e9cution du contrat conclu avec la Soci\u00e9t\u00e9 Exponantes (conditions g\u00e9n\u00e9rales de pr\u00e9-enregistrement, conditions g\u00e9n\u00e9rales de vente Billetterie ou conditions g\u00e9n\u00e9rales de participation), vos donn\u00e9es sont trait\u00e9es pour g\u00e9rer vos demandes de participation ; commandes et visites sur les \u00e9v\u00e8nements que nous organisons.<\/p>\n<p>Dans une perspective d\u2019am\u00e9lioration continue des \u00e9v\u00e9nements qu\u2019elle organise, vos donn\u00e9es sont aussi trait\u00e9es par la Soci\u00e9t\u00e9 Exponantes pour vous adresser des enqu\u00eates sur ses \u00e9v\u00e9nements et analyser les r\u00e9sultats.<\/p>\n<p><strong>DESTINATAIRES DES DONN\u00c9ES PERSONNELLES<\/strong><br \/>\nVos donn\u00e9es sont trait\u00e9es par les \u00e9quipes internes de la Soci\u00e9t\u00e9 Exponantes. En outre, seuls les prestataires de service et leur personnel limitativement habilit\u00e9s sont autoris\u00e9s \u00e0 acc\u00e9der \u00e0 vos donn\u00e9es et ce, eu \u00e9gard aux prestations sp\u00e9cifiques qui leur sont confi\u00e9es et qu\u2019ils doivent r\u00e9aliser pour le compte exclusif de la Soci\u00e9t\u00e9 dans le strict respect d\u2019obligations notamment de s\u00e9curit\u00e9 et de confidentialit\u00e9.<\/p>\n<p>Avec votre consentement lorsqu\u2019il est requis, vos donn\u00e9es sont susceptibles d\u2019\u00eatre transmises \u00e0 des partenaires notamment afin qu\u2019ils vous adressent des informations et actualit\u00e9s sur les services et produits qu\u2019ils proposent.<\/p>\n<p>Lorsque la r\u00e9glementation en vigueur l\u2019exige, la Soci\u00e9t\u00e9 Exponantes est susceptible de transmettre vos donn\u00e9es aux organismes et autorit\u00e9s l\u00e9galement autoris\u00e9s \u00e0 y acc\u00e9der (notamment les autorit\u00e9s judiciaires et administratives).<\/p>\n<p><strong>CONSERVATION DES DONN\u00c9ES PERSONNELLES<\/strong><br \/>\nLa soci\u00e9t\u00e9 Exponantes conserve les donn\u00e9es personnelles uniquement pour la dur\u00e9e n\u00e9cessaire aux traitements mis en \u0153uvre. Les donn\u00e9es personnelles utilis\u00e9es \u00e0 des fins de communication sont conserv\u00e9es pendant 3 ans \u00e0 partir du moment o\u00f9 la personne a interagi avec la soci\u00e9t\u00e9 Exponantes.<br \/>\nDans le cadre de ses obligations l\u00e9gales ou conventionnelles de conservation, la soci\u00e9t\u00e9 Exponantes peut \u00eatre amen\u00e9e \u00e0 conserver les donn\u00e9es personnelles pour une dur\u00e9e plus longue.<br \/>\nEn cas de d\u00e9sinscription des newsletters ou de communications diverses, les donn\u00e9es personnelles permettant de contacter la personne sont conserv\u00e9es dans la liste de d\u00e9sinscription afin de veiller \u00e0 ce qu\u2019elle ne soit plus destinataire de telles communications.<\/p>\n<p><strong>S\u00c9CURIT\u00c9 DES DONN\u00c9ES PERSONNELLES<\/strong><br \/>\nLa soci\u00e9t\u00e9 Exponantes met en place les mesures de nature \u00e0 assurer la protection de la confidentialit\u00e9 et la s\u00e9curit\u00e9 des donn\u00e9es personnelles collect\u00e9es dans le cadre de ses activit\u00e9s. La soci\u00e9t\u00e9 Exponantes veille en outre \u00e0 ce que ses prestataires techniques susceptibles d\u2019avoir connaissance des donn\u00e9es personnelles respectent la m\u00eame confidentialit\u00e9.<br \/>\nToutefois, le r\u00e9seau Internet \u00e9tant ouvert \u00e0 tous et non s\u00e9curis\u00e9, la soci\u00e9t\u00e9 Exponantes ne peut pas \u00eatre tenue pour responsable de la s\u00e9curit\u00e9 des transmissions des donn\u00e9es personnelles par Internet.<\/p>\n<p><strong>EXERCICE DES DROITS<\/strong><br \/>\nToute personne dispose :<br \/>\n&#8211; Des droits d\u2019acc\u00e8s et de rectification permettant de faire rectifier, compl\u00e9ter, mettre \u00e0 jour ou effacer ses donn\u00e9es personnelles ;<br \/>\n&#8211; Du droit de demander la limitation du traitement de ses donn\u00e9es personnelles ;<br \/>\n&#8211; Du droit d\u2019opposition pour motif l\u00e9gitime au traitement de ses donn\u00e9es personnelles.<\/p>\n<p>Elle peut \u00e9galement, \u00e0 tout moment et sans motif, s\u2019opposer au traitement de ses donn\u00e9es personnelles \u00e0 des fins de communication.<br \/>\nCes droits peuvent \u00eatre exerc\u00e9s aupr\u00e8s du D\u00e9l\u00e9gu\u00e9 \u00e0 la Protections des Donn\u00e9es de la soci\u00e9t\u00e9 EXPONANTES (joindre la copie d\u2019un titre d\u2019identit\u00e9) :<br \/>\nAdresse postale : Parc des expositions de la Beaujoire route de Saint Joseph de porterie 4430 Nantes<br \/>\nAdresse mail : <a href=\"mailto:protectiondonnees@exponantes.com\">protectiondonnees@exponantes.com<\/a><\/p>\n<p>En outre, une r\u00e9clamation aupr\u00e8s de la CNIL peut \u00eatre faite \u00e0 tout moment (3 Place de Fontenoy, 75007 Paris)<\/p>\n<p>Pour toute pr\u00e9cision compl\u00e9mentaire sur la politique de protection des donn\u00e9es personnelles mise en place par la soci\u00e9t\u00e9 Exponantes, contactez : <a href=\"mailto:protectiondonnees@exponantes.com\">protectiondonnees@exponantes.com<\/a><\/p>\n<p>DATE DE LA DERNI\u00c8RE MODIFICATION<br \/>\n23\/12\/2018<\/p>\n<\/div><div class=\"fusion-sep-clear\"><\/div><div class=\"fusion-separator fusion-full-width-sep\" style=\"margin-left: auto;margin-right: auto;margin-top:30px;width:100%;\"><\/div><div class=\"fusion-sep-clear\"><\/div><div class=\"fusion-clearfix\"><\/div><\/div><\/div><\/div><\/div>\n","protected":false},"excerpt":{"rendered":"","protected":false},"author":1,"featured_media":0,"parent":0,"menu_order":0,"comment_status":"closed","ping_status":"closed","template":"100-width.php","meta":{"footnotes":""},"class_list":["post-2488","page","type-page","status-publish","hentry"],"_links":{"self":[{"href":"https:\/\/forumdesseniorsbretagne.com\/index.php\/wp-json\/wp\/v2\/pages\/2488","targetHints":{"allow":["GET"]}}],"collection":[{"href":"https:\/\/forumdesseniorsbretagne.com\/index.php\/wp-json\/wp\/v2\/pages"}],"about":[{"href":"https:\/\/forumdesseniorsbretagne.com\/index.php\/wp-json\/wp\/v2\/types\/page"}],"author":[{"embeddable":true,"href":"https:\/\/forumdesseniorsbretagne.com\/index.php\/wp-json\/wp\/v2\/users\/1"}],"replies":[{"embeddable":true,"href":"https:\/\/forumdesseniorsbretagne.com\/index.php\/wp-json\/wp\/v2\/comments?post=2488"}],"version-history":[{"count":3,"href":"https:\/\/forumdesseniorsbretagne.com\/index.php\/wp-json\/wp\/v2\/pages\/2488\/revisions"}],"predecessor-version":[{"id":5328,"href":"https:\/\/forumdesseniorsbretagne.com\/index.php\/wp-json\/wp\/v2\/pages\/2488\/revisions\/5328"}],"wp:attachment":[{"href":"https:\/\/forumdesseniorsbretagne.com\/index.php\/wp-json\/wp\/v2\/media?parent=2488"}],"curies":[{"name":"wp","href":"https:\/\/api.w.org\/{rel}","templated":true}]}}