{"id":484,"date":"2017-09-20T17:31:39","date_gmt":"2017-09-20T15:31:39","guid":{"rendered":"http:\/\/forumdesseniorsbretagne.com\/?page_id=484"},"modified":"2026-01-30T12:14:10","modified_gmt":"2026-01-30T11:14:10","slug":"acces-salon","status":"publish","type":"page","link":"https:\/\/forumdesseniorsbretagne.com\/index.php\/acces-salon\/","title":{"rendered":"Acc\u00e8s au salon"},"content":{"rendered":"<p><div class=\"fusion-fullwidth fullwidth-box fusion-builder-row-1 nonhundred-percent-fullwidth non-hundred-percent-height-scrolling\" style=\"--awb-border-radius-top-left:0px;--awb-border-radius-top-right:0px;--awb-border-radius-bottom-right:0px;--awb-border-radius-bottom-left:0px;--awb-padding-top:0px;--awb-background-color:#ffffff;--awb-flex-wrap:wrap;\" ><div class=\"fusion-builder-row fusion-row\"><div class=\"fusion-layout-column fusion_builder_column fusion-builder-column-0 fusion_builder_column_1_1 1_1 fusion-one-full fusion-column-first fusion-column-last\" style=\"--awb-bg-size:cover;\"><div class=\"fusion-column-wrapper fusion-flex-column-wrapper-legacy\"><div class=\"fusion-sep-clear\"><\/div><div class=\"fusion-separator fusion-full-width-sep\" style=\"margin-left: auto;margin-right: auto;margin-top:40px;width:100%;\"><\/div><div class=\"fusion-sep-clear\"><\/div><div class=\"fusion-title title fusion-title-1 fusion-sep-none fusion-title-center fusion-title-text fusion-title-size-one\"><h1 class=\"fusion-title-heading title-heading-center\" style=\"margin:0;\"><span style=\"color: #312782;\">Acc\u00e8s au Salon<\/span><\/h1><\/div><div class=\"fusion-text fusion-text-1\"><h3 style=\"color: #312782; text-align: center;\"><span style=\"font-weight: 400;\">Retrouvez toutes les informations utiles pour acc\u00e9der au Forum des Seniors :<br \/>\nhoraires, acc\u00e8s, applications utiles pour Smartphones, plans.<\/span><\/h3>\n<\/div><div class=\"fusion-clearfix\"><\/div><\/div><\/div><\/div><\/div><div class=\"fusion-fullwidth fullwidth-box fusion-builder-row-2 nonhundred-percent-fullwidth non-hundred-percent-height-scrolling\" style=\"--awb-border-radius-top-left:0px;--awb-border-radius-top-right:0px;--awb-border-radius-bottom-right:0px;--awb-border-radius-bottom-left:0px;--awb-padding-top:0px;--awb-background-color:#ffffff;--awb-flex-wrap:wrap;\" ><div class=\"fusion-builder-row fusion-row\"><div class=\"fusion-layout-column fusion_builder_column fusion-builder-column-1 fusion_builder_column_1_3 1_3 fusion-one-third fusion-column-first\" style=\"--awb-bg-size:cover;width:33.333333333333%;width:calc(33.333333333333% - ( ( 4% + 4% ) * 0.33333333333333 ) );margin-right: 4%;\"><div class=\"fusion-column-wrapper fusion-flex-column-wrapper-legacy\"><div class=\"fusion-fa-align-center\"><i class=\"fb-icon-element-1 fb-icon-element fontawesome-icon fa-clock far circle-no\" style=\"--awb-iconcolor:#d10a11;--awb-iconcolor-hover:#d10a11;--awb-font-size:60px;\"><\/i><\/div><div class=\"fusion-sep-clear\"><\/div><div class=\"fusion-separator fusion-full-width-sep\" style=\"margin-left: auto;margin-right: auto;margin-top:5px;margin-bottom:5px;width:100%;\"><\/div><div class=\"fusion-sep-clear\"><\/div><div class=\"fusion-title title fusion-title-2 fusion-sep-none fusion-title-center fusion-title-text fusion-title-size-three\" style=\"--awb-margin-bottom:20px;\"><h3 class=\"fusion-title-heading title-heading-center\" style=\"margin:0;\"><span style=\"color: #312782;\">HORAIRES<\/span><\/h3><\/div><div class=\"fusion-text fusion-text-2\" style=\"--awb-content-alignment:center;\"><h4 style=\"color: #312782;\"><span style=\"font-weight: 400;\">Tous les jours<br \/>\nde 10h \u00e0 18h<\/span><\/h4>\n<\/div><div class=\"fusion-clearfix\"><\/div><\/div><\/div><div class=\"fusion-layout-column fusion_builder_column fusion-builder-column-2 fusion_builder_column_1_3 1_3 fusion-one-third\" style=\"--awb-bg-size:cover;width:33.333333333333%;width:calc(33.333333333333% - ( ( 4% + 4% ) * 0.33333333333333 ) );margin-right: 4%;\"><div class=\"fusion-column-wrapper fusion-flex-column-wrapper-legacy\"><div class=\"fusion-fa-align-center\"><i class=\"fb-icon-element-2 fb-icon-element fontawesome-icon fa-calendar-alt fas circle-no\" style=\"--awb-iconcolor:#d10a11;--awb-iconcolor-hover:#d10a11;--awb-font-size:60px;\"><\/i><\/div><div class=\"fusion-sep-clear\"><\/div><div class=\"fusion-separator fusion-full-width-sep\" style=\"margin-left: auto;margin-right: auto;margin-top:5px;margin-bottom:5px;width:100%;\"><\/div><div class=\"fusion-sep-clear\"><\/div><div class=\"fusion-title title fusion-title-3 fusion-sep-none fusion-title-center fusion-title-text fusion-title-size-three\" style=\"--awb-margin-bottom:20px;\"><h3 class=\"fusion-title-heading title-heading-center\" style=\"margin:0;\"><span style=\"color: #312782;\">DATES<\/span><\/h3><\/div><div class=\"fusion-text fusion-text-3\" style=\"--awb-content-alignment:center;--awb-text-transform:none;\"><h4 style=\"color: #312782;\">Vendredi 13 mars<br \/>Samedi 14 mars 2026<span style=\"font-weight: 400;\"><br \/><\/span><\/h4>\n<\/div><div class=\"fusion-clearfix\"><\/div><\/div><\/div><div class=\"fusion-layout-column fusion_builder_column fusion-builder-column-3 fusion_builder_column_1_3 1_3 fusion-one-third fusion-column-last\" style=\"--awb-bg-size:cover;width:33.333333333333%;width:calc(33.333333333333% - ( ( 4% + 4% ) * 0.33333333333333 ) );\"><div class=\"fusion-column-wrapper fusion-flex-column-wrapper-legacy\"><div class=\"fusion-fa-align-center\"><i class=\"fb-icon-element-3 fb-icon-element fontawesome-icon fa-map-marker-alt fas circle-no\" style=\"--awb-iconcolor:#d10a11;--awb-iconcolor-hover:#d10a11;--awb-font-size:60px;\"><\/i><\/div><div class=\"fusion-sep-clear\"><\/div><div class=\"fusion-separator fusion-full-width-sep\" style=\"margin-left: auto;margin-right: auto;margin-top:5px;margin-bottom:5px;width:100%;\"><\/div><div class=\"fusion-sep-clear\"><\/div><div class=\"fusion-title title fusion-title-4 fusion-sep-none fusion-title-center fusion-title-text fusion-title-size-three\" style=\"--awb-margin-bottom:20px;\"><h3 class=\"fusion-title-heading title-heading-center\" style=\"margin:0;\"><span style=\"color: #312782;\">LIEU<\/span><\/h3><\/div><div class=\"fusion-text fusion-text-4\" style=\"--awb-content-alignment:center;--awb-text-transform:none;\"><h4 style=\"color: #312782;\"><span style=\"font-weight: 400;\">Glaz Arena<br \/>\nRennes<\/span><\/h4>\n<\/div><div class=\"fusion-clearfix\"><\/div><\/div><\/div><\/div><\/div><div class=\"fusion-fullwidth fullwidth-box fusion-builder-row-3 fusion-flex-container has-pattern-background has-mask-background nonhundred-percent-fullwidth non-hundred-percent-height-scrolling\" style=\"--awb-border-radius-top-left:0px;--awb-border-radius-top-right:0px;--awb-border-radius-bottom-right:0px;--awb-border-radius-bottom-left:0px;--awb-flex-wrap:wrap;\" ><div class=\"fusion-builder-row fusion-row fusion-flex-align-items-flex-start fusion-flex-content-wrap\" style=\"max-width:1248px;margin-left: calc(-4% \/ 2 );margin-right: calc(-4% \/ 2 );\"><div class=\"fusion-layout-column fusion_builder_column fusion-builder-column-4 fusion_builder_column_1_1 1_1 fusion-flex-column\" style=\"--awb-bg-size:cover;--awb-width-large:100%;--awb-margin-top-large:0px;--awb-spacing-right-large:1.92%;--awb-margin-bottom-large:20px;--awb-spacing-left-large:1.92%;--awb-width-medium:100%;--awb-order-medium:0;--awb-spacing-right-medium:1.92%;--awb-spacing-left-medium:1.92%;--awb-width-small:100%;--awb-order-small:0;--awb-spacing-right-small:1.92%;--awb-spacing-left-small:1.92%;\"><div class=\"fusion-column-wrapper fusion-column-has-shadow fusion-flex-justify-content-flex-start fusion-content-layout-column\"><div style=\"text-align:center;\"><a class=\"fusion-button button-flat fusion-button-default-size button-default fusion-button-default button-1 fusion-button-default-span fusion-button-default-type\" target=\"_self\" href=\"https:\/\/exponantesbilletterie.mybadgeonline.com\/ForumDesSeniors\/Bre-Accueil\"><span class=\"fusion-button-text awb-button__text awb-button__text--default\">T\u00e9l\u00e9charger mon entr\u00e9e gratuite<\/span><\/a><\/div><\/div><\/div><\/div><\/div><div class=\"fusion-fullwidth fullwidth-box fusion-builder-row-4 nonhundred-percent-fullwidth non-hundred-percent-height-scrolling\" style=\"--awb-border-radius-top-left:0px;--awb-border-radius-top-right:0px;--awb-border-radius-bottom-right:0px;--awb-border-radius-bottom-left:0px;--awb-padding-top:0px;--awb-background-color:#ffffff;--awb-flex-wrap:wrap;\" ><div class=\"fusion-builder-row fusion-row\"><div class=\"fusion-layout-column fusion_builder_column fusion-builder-column-5 fusion_builder_column_1_2 1_2 fusion-one-half fusion-column-first\" style=\"--awb-bg-size:cover;--awb-margin-top:25px;width:50%;width:calc(50% - ( ( 4% ) * 0.5 ) );margin-right: 4%;\"><div class=\"fusion-column-wrapper fusion-flex-column-wrapper-legacy\"><div class=\"fusion-image-element fusion-image-align-center in-legacy-container\" style=\"text-align:center;--awb-caption-title-font-family:var(--h2_typography-font-family);--awb-caption-title-font-weight:var(--h2_typography-font-weight);--awb-caption-title-font-style:var(--h2_typography-font-style);--awb-caption-title-size:var(--h2_typography-font-size);--awb-caption-title-transform:var(--h2_typography-text-transform);--awb-caption-title-line-height:var(--h2_typography-line-height);--awb-caption-title-letter-spacing:var(--h2_typography-letter-spacing);\"><div class=\"imageframe-align-center\"><span class=\" fusion-imageframe imageframe-none imageframe-1 hover-type-none\"><img decoding=\"async\" width=\"119\" height=\"100\" title=\"logo vigipirate\" src=\"http:\/\/forumdesseniorsbretagne.com\/wp-content\/uploads\/2017\/09\/logo-vigipirate-1.png\" alt class=\"img-responsive wp-image-558\"\/><\/span><\/div><\/div><div class=\"fusion-sep-clear\"><\/div><div class=\"fusion-separator fusion-full-width-sep\" style=\"margin-left: auto;margin-right: auto;margin-top:15px;width:100%;\"><\/div><div class=\"fusion-sep-clear\"><\/div><div class=\"fusion-title title fusion-title-5 fusion-sep-none fusion-title-center fusion-title-text fusion-title-size-three\" style=\"--awb-margin-bottom:20px;\"><h3 class=\"fusion-title-heading title-heading-center\" style=\"margin:0;\"><span style=\"color: #312782;\">Plan Vigipirate<\/span><\/h3><\/div><div class=\"fusion-text fusion-text-5\"><h4><span style=\"font-weight: 400; color: #312782;\">Le plan Vigipirate renforc\u00e9 \u00ab Alerte Attentat \u00bb s\u2019applique \u00e0 l\u2019ensemble des zones accueillant du public. Ainsi, toutes les mesures ont \u00e9t\u00e9 prises pour assurer la s\u00e9curit\u00e9 des publics accueillis au Forum. Merci par avance d\u2019accepter les contr\u00f4les de sacs et v\u00eatements.<\/span><\/h4>\n<\/div><div class=\"fusion-clearfix\"><\/div><\/div><\/div><div class=\"fusion-layout-column fusion_builder_column fusion-builder-column-6 fusion_builder_column_1_2 1_2 fusion-one-half fusion-column-last\" style=\"--awb-bg-size:cover;--awb-margin-top:25px;width:50%;width:calc(50% - ( ( 4% ) * 0.5 ) );\"><div class=\"fusion-column-wrapper fusion-flex-column-wrapper-legacy\"><div class=\"fusion-image-element fusion-image-align-center in-legacy-container\" style=\"text-align:center;--awb-caption-title-font-family:var(--h2_typography-font-family);--awb-caption-title-font-weight:var(--h2_typography-font-weight);--awb-caption-title-font-style:var(--h2_typography-font-style);--awb-caption-title-size:var(--h2_typography-font-size);--awb-caption-title-transform:var(--h2_typography-text-transform);--awb-caption-title-line-height:var(--h2_typography-line-height);--awb-caption-title-letter-spacing:var(--h2_typography-letter-spacing);\"><div class=\"imageframe-align-center\"><span class=\" fusion-imageframe imageframe-none imageframe-2 hover-type-none\"><img decoding=\"async\" width=\"119\" height=\"100\" title=\"logo mobilit\u00e9 r\u00e9duite\" src=\"http:\/\/forumdesseniorsbretagne.com\/wp-content\/uploads\/2017\/09\/logo-mobilit\u00e9-r\u00e9duite-1.png\" alt class=\"img-responsive wp-image-557\"\/><\/span><\/div><\/div><div class=\"fusion-sep-clear\"><\/div><div class=\"fusion-separator fusion-full-width-sep\" style=\"margin-left: auto;margin-right: auto;margin-top:15px;width:100%;\"><\/div><div class=\"fusion-sep-clear\"><\/div><div class=\"fusion-title title fusion-title-6 fusion-sep-none fusion-title-center fusion-title-text fusion-title-size-three\" style=\"--awb-margin-bottom:20px;\"><h3 class=\"fusion-title-heading title-heading-center\" style=\"margin:0;\"><span style=\"color: #312782;\">Acc\u00e8s mobilit\u00e9 r\u00e9duite<\/span><\/h3><\/div><div class=\"fusion-text fusion-text-6\"><h4><span style=\"font-weight: 400; color: #312782;\">Le Forum des Seniors est accessible aux personnes \u00e0 mobilit\u00e9 r\u00e9duite. Des am\u00e9nagements sont propos\u00e9s pour les personnes en fauteuils roulants.<\/span><\/h4>\n<\/div><div class=\"fusion-clearfix\"><\/div><\/div><\/div><\/div><\/div><div class=\"fusion-fullwidth fullwidth-box fusion-builder-row-5 nonhundred-percent-fullwidth non-hundred-percent-height-scrolling\" style=\"--awb-border-radius-top-left:0px;--awb-border-radius-top-right:0px;--awb-border-radius-bottom-right:0px;--awb-border-radius-bottom-left:0px;--awb-background-color:#ffffff;--awb-flex-wrap:wrap;\" ><div class=\"fusion-builder-row fusion-row\"><div class=\"fusion-layout-column fusion_builder_column fusion-builder-column-7 fusion_builder_column_1_1 1_1 fusion-one-full fusion-column-first fusion-column-last\" style=\"--awb-bg-size:cover;\"><div class=\"fusion-column-wrapper fusion-flex-column-wrapper-legacy\"><div class=\"fusion-text fusion-text-7\"><h1 style=\"text-align: center;\"><span style=\"color: #312782;\">Se rendre au Salon<\/span><\/h1>\n<\/div><div class=\"fusion-image-element fusion-image-align-center in-legacy-container\" style=\"text-align:center;--awb-caption-title-font-family:var(--h2_typography-font-family);--awb-caption-title-font-weight:var(--h2_typography-font-weight);--awb-caption-title-font-style:var(--h2_typography-font-style);--awb-caption-title-size:var(--h2_typography-font-size);--awb-caption-title-transform:var(--h2_typography-text-transform);--awb-caption-title-line-height:var(--h2_typography-line-height);--awb-caption-title-letter-spacing:var(--h2_typography-letter-spacing);\"><div class=\"imageframe-align-center\"><span class=\" fusion-imageframe imageframe-none imageframe-3 hover-type-none\"><img decoding=\"async\" width=\"728\" height=\"90\" title=\"Design sans titre (5)\" src=\"http:\/\/forumdesseniorsbretagne.com\/wp-content\/uploads\/2024\/03\/Design-sans-titre-5.png\" alt class=\"img-responsive wp-image-7387\" srcset=\"https:\/\/forumdesseniorsbretagne.com\/wp-content\/uploads\/2024\/03\/Design-sans-titre-5-200x25.png 200w, https:\/\/forumdesseniorsbretagne.com\/wp-content\/uploads\/2024\/03\/Design-sans-titre-5-400x49.png 400w, https:\/\/forumdesseniorsbretagne.com\/wp-content\/uploads\/2024\/03\/Design-sans-titre-5-600x74.png 600w, https:\/\/forumdesseniorsbretagne.com\/wp-content\/uploads\/2024\/03\/Design-sans-titre-5.png 728w\" sizes=\"(max-width: 800px) 100vw, 728px\" \/><\/span><\/div><\/div><div class=\"fusion-tabs fusion-tabs-1 clean nav-is-justified horizontal-tabs icon-position-left mobile-mode-accordion\" style=\"--awb-title-border-radius-top-left:0px;--awb-title-border-radius-top-right:0px;--awb-title-border-radius-bottom-right:0px;--awb-title-border-radius-bottom-left:0px;--awb-alignment:start;--awb-inactive-color:#312782;--awb-background-color:#ffffff;--awb-border-color:#d13127820a11;--awb-active-border-color:#312782;\"><div class=\"nav\"><ul class=\"nav-tabs nav-justified\" role=\"tablist\"><li class=\"active\" role=\"presentation\"><a class=\"tab-link\" data-toggle=\"tab\" role=\"tab\" aria-controls=\"tab-106ad088d9799d8e541\" aria-selected=\"true\" id=\"fusion-tab-enbus\" href=\"#tab-106ad088d9799d8e541\"><h4 class=\"fusion-tab-heading\"><i class=\"fontawesome-icon fa-bus fas\" aria-hidden=\"true\" style=\"font-size:13px;\"><\/i>En bus<\/h4><\/a><\/li><li role=\"presentation\"><a class=\"tab-link\" data-toggle=\"tab\" role=\"tab\" aria-controls=\"tab-7120ecf32022a192e77\" aria-selected=\"false\" tabindex=\"-1\" id=\"fusion-tab-envoiture\" href=\"#tab-7120ecf32022a192e77\"><h4 class=\"fusion-tab-heading\"><i class=\"fontawesome-icon fa-car fas\" aria-hidden=\"true\" style=\"font-size:13px;\"><\/i>En voiture<\/h4><\/a><\/li><li role=\"presentation\"><a class=\"tab-link\" data-toggle=\"tab\" role=\"tab\" aria-controls=\"tab-ca6d9d42920de6ce82f\" aria-selected=\"false\" tabindex=\"-1\" id=\"fusion-tab-train\" href=\"#tab-ca6d9d42920de6ce82f\"><h4 class=\"fusion-tab-heading\"><i class=\"fontawesome-icon fa-train fas\" aria-hidden=\"true\" style=\"font-size:13px;\"><\/i>Train<\/h4><\/a><\/li><\/ul><\/div><div class=\"tab-content\"><div class=\"nav fusion-mobile-tab-nav\"><ul class=\"nav-tabs nav-justified\" role=\"tablist\"><li class=\"active\" role=\"presentation\"><a class=\"tab-link\" data-toggle=\"tab\" role=\"tab\" aria-controls=\"tab-106ad088d9799d8e541\" aria-selected=\"true\" id=\"mobile-fusion-tab-enbus\" href=\"#tab-106ad088d9799d8e541\"><h4 class=\"fusion-tab-heading\"><i class=\"fontawesome-icon fa-bus fas\" aria-hidden=\"true\" style=\"font-size:13px;\"><\/i>En bus<\/h4><\/a><\/li><\/ul><\/div><div class=\"tab-pane fade fusion-clearfix in active\" role=\"tabpanel\" tabindex=\"0\" aria-labelledby=\"fusion-tab-enbus\" id=\"tab-106ad088d9799d8e541\">\n<h3 style=\"text-align: center;\"><span style=\"color: #312782;\">Ligne C6 (Arr\u00eat Rigourdi\u00e8re), 67<\/span><\/h3>\n<h3 style=\"text-align: center;\"><span style=\"font-weight: 400; color: #312782;\">T\u00e9l\u00e9charger l&rsquo;appli STAR<\/span><\/h3>\n<h3 style=\"text-align: center;\"><span style=\"color: #312782;\"><a href=\"https:\/\/itunes.apple.com\/fr\/app\/starbusm\u00e9tro\/id899970416?mt=8\" target=\"_blank\" rel=\"noopener noreferrer\">iOS<\/a> &nbsp; &nbsp; &nbsp; &nbsp; &nbsp; &nbsp; &nbsp; &nbsp;<a href=\"https:\/\/play.google.com\/store\/apps\/details?id=com.bookbeo.starbusmetro&amp;hl=fr\" target=\"_blank\" rel=\"noopener noreferrer\">Andro\u00efd<\/a><\/span><\/h3>\n<\/div><div class=\"nav fusion-mobile-tab-nav\"><ul class=\"nav-tabs nav-justified\" role=\"tablist\"><li role=\"presentation\"><a class=\"tab-link\" data-toggle=\"tab\" role=\"tab\" aria-controls=\"tab-7120ecf32022a192e77\" aria-selected=\"false\" tabindex=\"-1\" id=\"mobile-fusion-tab-envoiture\" href=\"#tab-7120ecf32022a192e77\"><h4 class=\"fusion-tab-heading\"><i class=\"fontawesome-icon fa-car fas\" aria-hidden=\"true\" style=\"font-size:13px;\"><\/i>En voiture<\/h4><\/a><\/li><\/ul><\/div><div class=\"tab-pane fade fusion-clearfix\" role=\"tabpanel\" tabindex=\"0\" aria-labelledby=\"fusion-tab-envoiture\" id=\"tab-7120ecf32022a192e77\">\n<h3 style=\"color: #312782;\">1 heure de Nantes<br \/>\n1h45 d&rsquo;Angers et de Caen<\/h3>\n<h3 style=\"text-align: center;\"><span style=\"color: #312782;\">Pour acc\u00e9der \u00e0 la Glaz Arena de Rennes, vous pouvez g\u00e9n\u00e9rer votre parcours \u00e0 partir du plan Google Maps ci-dessous. Le parking de la manifestation est gratuit.<\/span><\/h3>\n<p><iframe style=\"border: 0;\" src=\"https:\/\/www.google.com\/maps\/embed?pb=!1m18!1m12!1m3!1d2663.851704455916!2d-1.6006195493706614!3d48.113096360743675!2m3!1f0!2f0!3f0!3m2!1i1024!2i768!4f13.1!3m3!1m2!1s0x480ed9291d036455%3A0xa204287b829381ad!2sChem.%20du%20Bois%20de%20la%20Justice%2C%2035510%20Cesson-S%C3%A9vign%C3%A9!5e0!3m2!1sfr!2sfr!4v1673022891409!5m2!1sfr!2sfr\" width=\"600\" height=\"450\" allowfullscreen=\"allowfullscreen\"><\/iframe><\/p>\n<\/div><div class=\"nav fusion-mobile-tab-nav\"><ul class=\"nav-tabs nav-justified\" role=\"tablist\"><li role=\"presentation\"><a class=\"tab-link\" data-toggle=\"tab\" role=\"tab\" aria-controls=\"tab-ca6d9d42920de6ce82f\" aria-selected=\"false\" tabindex=\"-1\" id=\"mobile-fusion-tab-train\" href=\"#tab-ca6d9d42920de6ce82f\"><h4 class=\"fusion-tab-heading\"><i class=\"fontawesome-icon fa-train fas\" aria-hidden=\"true\" style=\"font-size:13px;\"><\/i>Train<\/h4><\/a><\/li><\/ul><\/div><div class=\"tab-pane fade fusion-clearfix\" role=\"tabpanel\" tabindex=\"0\" aria-labelledby=\"fusion-tab-train\" id=\"tab-ca6d9d42920de6ce82f\">\n<h3 style=\"text-align: center;\"><span style=\"color: #312782;\">En Train<br \/>\nGare TER de Cesson S\u00e9vign\u00e9 \u00e0 500m<br \/>\n5 minutes de train depuis la gare de Rennes<\/span><\/h3>\n<\/div><\/div><\/div><div class=\"fusion-clearfix\"><\/div><\/div><\/div><\/div><\/div><\/p>\n","protected":false},"excerpt":{"rendered":"","protected":false},"author":1,"featured_media":0,"parent":0,"menu_order":0,"comment_status":"closed","ping_status":"closed","template":"100-width.php","meta":{"footnotes":""},"class_list":["post-484","page","type-page","status-publish","hentry"],"_links":{"self":[{"href":"https:\/\/forumdesseniorsbretagne.com\/index.php\/wp-json\/wp\/v2\/pages\/484","targetHints":{"allow":["GET"]}}],"collection":[{"href":"https:\/\/forumdesseniorsbretagne.com\/index.php\/wp-json\/wp\/v2\/pages"}],"about":[{"href":"https:\/\/forumdesseniorsbretagne.com\/index.php\/wp-json\/wp\/v2\/types\/page"}],"author":[{"embeddable":true,"href":"https:\/\/forumdesseniorsbretagne.com\/index.php\/wp-json\/wp\/v2\/users\/1"}],"replies":[{"embeddable":true,"href":"https:\/\/forumdesseniorsbretagne.com\/index.php\/wp-json\/wp\/v2\/comments?post=484"}],"version-history":[{"count":20,"href":"https:\/\/forumdesseniorsbretagne.com\/index.php\/wp-json\/wp\/v2\/pages\/484\/revisions"}],"predecessor-version":[{"id":8122,"href":"https:\/\/forumdesseniorsbretagne.com\/index.php\/wp-json\/wp\/v2\/pages\/484\/revisions\/8122"}],"wp:attachment":[{"href":"https:\/\/forumdesseniorsbretagne.com\/index.php\/wp-json\/wp\/v2\/media?parent=484"}],"curies":[{"name":"wp","href":"https:\/\/api.w.org\/{rel}","templated":true}]}}